[INFO] cloning repository https://github.com/DeanoC/beany
[INFO] running `Command { std: "git" "-c" "credential.helper=" "-c" "credential.helper=/workspace/cargo-home/bin/git-credential-null" "clone" "--bare" "https://github.com/DeanoC/beany" "/workspace/cache/git-repos/https%3A%2F%2Fgithub.com%2FDeanoC%2Fbeany", kill_on_drop: false }`
[INFO] [stderr] Cloning into bare repository '/workspace/cache/git-repos/https%3A%2F%2Fgithub.com%2FDeanoC%2Fbeany'...
[INFO] running `Command { std: "git" "rev-parse" "HEAD", kill_on_drop: false }`
[INFO] [stdout] 6645d41b139621b5d4b5753cd39c1bfd5da7be73
[INFO] checking DeanoC/beany against try#72f88fc4e9458f89516a0b8b0868f3718aec5b47 for pr-74989
[INFO] running `Command { std: "git" "clone" "/workspace/cache/git-repos/https%3A%2F%2Fgithub.com%2FDeanoC%2Fbeany" "/workspace/builds/worker-1/source", kill_on_drop: false }`
[INFO] [stderr] Cloning into '/workspace/builds/worker-1/source'...
[INFO] [stderr] done.
[INFO] validating manifest of git repo https://github.com/DeanoC/beany on toolchain 72f88fc4e9458f89516a0b8b0868f3718aec5b47
[INFO] running `Command { std: "/workspace/cargo-home/bin/cargo" "+72f88fc4e9458f89516a0b8b0868f3718aec5b47" "read-manifest" "--manifest-path" "Cargo.toml", kill_on_drop: false }`
[INFO] started tweaking git repo https://github.com/DeanoC/beany
[INFO] finished tweaking git repo https://github.com/DeanoC/beany
[INFO] tweaked toml for git repo https://github.com/DeanoC/beany written to /workspace/builds/worker-1/source/Cargo.toml
[INFO] crate git repo https://github.com/DeanoC/beany already has a lockfile, it will not be regenerated
[INFO] running `Command { std: "/workspace/cargo-home/bin/cargo" "+72f88fc4e9458f89516a0b8b0868f3718aec5b47" "fetch" "--locked" "--manifest-path" "Cargo.toml", kill_on_drop: false }`
[INFO] [stderr]  Downloading crates ...
[INFO] [stderr]   Downloaded cuda-config v0.1.0
[INFO] [stderr]   Downloaded rustacuda_core v0.1.1
[INFO] [stderr]   Downloaded rustacuda_derive v0.1.1
[INFO] [stderr]   Downloaded cuda-sys v0.2.0
[INFO] [stderr]   Downloaded rustacuda v0.1.1
[INFO] running `Command { std: "docker" "create" "-v" "/var/lib/crater-agent-workspace/builds/worker-1/target:/opt/rustwide/target:rw,Z" "-v" "/var/lib/crater-agent-workspace/builds/worker-1/source:/opt/rustwide/workdir:ro,Z" "-v" "/var/lib/crater-agent-workspace/cargo-home:/opt/rustwide/cargo-home:ro,Z" "-v" "/var/lib/crater-agent-workspace/rustup-home:/opt/rustwide/rustup-home:ro,Z" "-e" "SOURCE_DIR=/opt/rustwide/workdir" "-e" "CARGO_TARGET_DIR=/opt/rustwide/target" "-e" "CARGO_HOME=/opt/rustwide/cargo-home" "-e" "RUSTUP_HOME=/opt/rustwide/rustup-home" "-w" "/opt/rustwide/workdir" "-m" "1610612736" "--user" "0:0" "--network" "none" "rustops/crates-build-env@sha256:d92eaeed33fa75130ca1ee6c8a01d1ffb62bac859dfdfb3450e3e5d1c0146529" "/opt/rustwide/cargo-home/bin/cargo" "+72f88fc4e9458f89516a0b8b0868f3718aec5b47" "metadata" "--no-deps" "--format-version=1", kill_on_drop: false }`
[INFO] [stdout] 672e1c9964cfaa8f3622330bcc5350b7e68ccea0341e79d002e92b53a39c9626
[INFO] [stderr] WARNING: Your kernel does not support swap limit capabilities or the cgroup is not mounted. Memory limited without swap.
[INFO] running `Command { std: "docker" "start" "-a" "672e1c9964cfaa8f3622330bcc5350b7e68ccea0341e79d002e92b53a39c9626", kill_on_drop: false }`
[INFO] running `Command { std: "docker" "inspect" "672e1c9964cfaa8f3622330bcc5350b7e68ccea0341e79d002e92b53a39c9626", kill_on_drop: false }`
[INFO] running `Command { std: "docker" "rm" "-f" "672e1c9964cfaa8f3622330bcc5350b7e68ccea0341e79d002e92b53a39c9626", kill_on_drop: false }`
[INFO] [stdout] 672e1c9964cfaa8f3622330bcc5350b7e68ccea0341e79d002e92b53a39c9626
[INFO] running `Command { std: "docker" "create" "-v" "/var/lib/crater-agent-workspace/builds/worker-1/target:/opt/rustwide/target:rw,Z" "-v" "/var/lib/crater-agent-workspace/builds/worker-1/source:/opt/rustwide/workdir:ro,Z" "-v" "/var/lib/crater-agent-workspace/cargo-home:/opt/rustwide/cargo-home:ro,Z" "-v" "/var/lib/crater-agent-workspace/rustup-home:/opt/rustwide/rustup-home:ro,Z" "-e" "SOURCE_DIR=/opt/rustwide/workdir" "-e" "CARGO_TARGET_DIR=/opt/rustwide/target" "-e" "CARGO_INCREMENTAL=0" "-e" "RUST_BACKTRACE=full" "-e" "RUSTFLAGS=--cap-lints=forbid" "-e" "CARGO_HOME=/opt/rustwide/cargo-home" "-e" "RUSTUP_HOME=/opt/rustwide/rustup-home" "-w" "/opt/rustwide/workdir" "-m" "1610612736" "--user" "0:0" "--network" "none" "rustops/crates-build-env@sha256:d92eaeed33fa75130ca1ee6c8a01d1ffb62bac859dfdfb3450e3e5d1c0146529" "/opt/rustwide/cargo-home/bin/cargo" "+72f88fc4e9458f89516a0b8b0868f3718aec5b47" "check" "--frozen" "--all" "--all-targets" "--message-format=json", kill_on_drop: false }`
[INFO] [stdout] ed9176786f82df4d34260a8eaf4782a299ebdd6b09986f508ce5481daa9f8a55
[INFO] [stderr] WARNING: Your kernel does not support swap limit capabilities or the cgroup is not mounted. Memory limited without swap.
[INFO] running `Command { std: "docker" "start" "-a" "ed9176786f82df4d34260a8eaf4782a299ebdd6b09986f508ce5481daa9f8a55", kill_on_drop: false }`
[INFO] [stderr]    Compiling glob v0.3.0
[INFO] [stderr]    Compiling cuda-sys v0.2.0
[INFO] [stderr]    Compiling bitflags v1.2.1
[INFO] [stderr]     Checking rustacuda_core v0.1.1
[INFO] [stderr]    Compiling cmake v0.1.42
[INFO] [stderr]    Compiling syn v0.15.44
[INFO] [stderr]    Compiling cuda-config v0.1.0
[INFO] [stderr]    Compiling beany v0.1.0 (/opt/rustwide/workdir)
[INFO] [stderr] error: failed to run custom build command for `beany v0.1.0 (/opt/rustwide/workdir)`
[INFO] [stderr] 
[INFO] [stderr] Caused by:
[INFO] [stderr]   process didn't exit successfully: `/opt/rustwide/target/debug/build/beany-927f355694ab5f01/build-script-build` (exit code: 101)
[INFO] [stderr]   --- stdout
[INFO] [stderr]   cargo:rerun-if-changed=build.rs
[INFO] [stderr]   cargo:rustc-link-lib=dylib=cuda
[INFO] [stderr]   cargo:rustc-link-lib=dylib=cudart
[INFO] [stderr]   cargo:rerun-if-env-changed=CUDA_LIBRARY_PATH
[INFO] [stderr]   running: "cmake" "/opt/rustwide/workdir/compute" "-DCMAKE_INSTALL_PREFIX=/opt/rustwide/target/debug/build/beany-08cf2b0ebf6cb86c/out" "-DCMAKE_C_FLAGS= -ffunction-sections -fdata-sections -fPIC -m64" "-DCMAKE_C_COMPILER=/usr/bin/cc" "-DCMAKE_CXX_FLAGS= -ffunction-sections -fdata-sections -fPIC -m64" "-DCMAKE_CXX_COMPILER=/usr/bin/c++" "-DCMAKE_BUILD_TYPE=Debug"
[INFO] [stderr]   -- Configuring incomplete, errors occurred!
[INFO] [stderr] 
[INFO] [stderr]   --- stderr
[INFO] [stderr]   Found CUDA paths: []
[INFO] [stderr]   Scanning dependencies of target al2o3-populate
[INFO] [stderr]   [ 11%] Creating directories for 'al2o3-populate'
[INFO] [stderr]   [ 22%] Performing download step (git clone) for 'al2o3-populate'
[INFO] [stderr]   Cloning into 'al2o3-src'...
[INFO] [stderr]   fatal: unable to access 'https://github.com/DeanoC/al2o3/': Could not resolve host: github.com
[INFO] [stderr]   Cloning into 'al2o3-src'...
[INFO] [stderr]   fatal: unable to access 'https://github.com/DeanoC/al2o3/': Could not resolve host: github.com
[INFO] [stderr]   Cloning into 'al2o3-src'...
[INFO] [stderr]   fatal: unable to access 'https://github.com/DeanoC/al2o3/': Could not resolve host: github.com
[INFO] [stderr]   -- Had to git clone more than once:
[INFO] [stderr]             3 times.
[INFO] [stderr]   CMake Error at al2o3-subbuild/al2o3-populate-prefix/tmp/al2o3-populate-gitclone.cmake:31 (message):
[INFO] [stderr]     Failed to clone repository: 'https://github.com/DeanoC/al2o3'
[INFO] [stderr] 
[INFO] [stderr] 
[INFO] [stderr]   make[2]: *** [CMakeFiles/al2o3-populate.dir/build.make:92: al2o3-populate-prefix/src/al2o3-populate-stamp/al2o3-populate-download] Error 1
[INFO] [stderr]   make[1]: *** [CMakeFiles/Makefile2:76: CMakeFiles/al2o3-populate.dir/all] Error 2
[INFO] [stderr]   make: *** [Makefile:84: all] Error 2
[INFO] [stderr] 
[INFO] [stderr]   CMake Error at /usr/share/cmake-3.16/Modules/FetchContent.cmake:915 (message):
[INFO] [stderr]     Build step for al2o3 failed: 2
[INFO] [stderr]   Call Stack (most recent call first):
[INFO] [stderr]     /usr/share/cmake-3.16/Modules/FetchContent.cmake:1006 (__FetchContent_directPopulate)
[INFO] [stderr]     CMakeLists.txt:9 (FetchContent_Populate)
[INFO] [stderr] 
[INFO] [stderr] 
[INFO] [stderr]   thread 'main' panicked at '
[INFO] [stderr]   command did not execute successfully, got: exit code: 1
[INFO] [stderr] 
[INFO] [stderr]   build script failed, must exit now', /opt/rustwide/cargo-home/registry/src/github.com-1ecc6299db9ec823/cmake-0.1.42/src/lib.rs:861:5
[INFO] [stderr]   stack backtrace:
[INFO] [stderr]      0:     0x56080bf9c400 - std::backtrace_rs::backtrace::libunwind::trace::h452faf99f32e7c93
[INFO] [stderr]                                  at /rustc/72f88fc4e9458f89516a0b8b0868f3718aec5b47/library/std/src/../../backtrace/src/backtrace/libunwind.rs:96
[INFO] [stderr]      1:     0x56080bf9c400 - std::backtrace_rs::backtrace::trace_unsynchronized::he40edc71437667a1
[INFO] [stderr]                                  at /rustc/72f88fc4e9458f89516a0b8b0868f3718aec5b47/library/std/src/../../backtrace/src/backtrace/mod.rs:66
[INFO] [stderr]      2:     0x56080bf9c400 - std::sys_common::backtrace::_print_fmt::h6c51d6ade71f46bf
[INFO] [stderr]                                  at /rustc/72f88fc4e9458f89516a0b8b0868f3718aec5b47/library/std/src/sys_common/backtrace.rs:79
[INFO] [stderr]      3:     0x56080bf9c400 - <std::sys_common::backtrace::_print::DisplayBacktrace as core::fmt::Display>::fmt::h3cd15d7003dec37a
[INFO] [stderr]                                  at /rustc/72f88fc4e9458f89516a0b8b0868f3718aec5b47/library/std/src/sys_common/backtrace.rs:58
[INFO] [stderr]      4:     0x56080bfbb88c - core::fmt::write::h1857a60b204f1b6a
[INFO] [stderr]                                  at /rustc/72f88fc4e9458f89516a0b8b0868f3718aec5b47/library/core/src/fmt/mod.rs:1080
[INFO] [stderr]      5:     0x56080bf98b57 - std::io::Write::write_fmt::hac61caff894c35ae
[INFO] [stderr]                                  at /rustc/72f88fc4e9458f89516a0b8b0868f3718aec5b47/library/std/src/io/mod.rs:1517
[INFO] [stderr]      6:     0x56080bf9ebb0 - std::sys_common::backtrace::_print::haa2f390fb7957e3e
[INFO] [stderr]                                  at /rustc/72f88fc4e9458f89516a0b8b0868f3718aec5b47/library/std/src/sys_common/backtrace.rs:61
[INFO] [stderr]      7:     0x56080bf9ebb0 - std::sys_common::backtrace::print::h48c7cbbad9013bb1
[INFO] [stderr]                                  at /rustc/72f88fc4e9458f89516a0b8b0868f3718aec5b47/library/std/src/sys_common/backtrace.rs:48
[INFO] [stderr]      8:     0x56080bf9ebb0 - std::panicking::default_hook::{{closure}}::h8b7ff05a31e71d55
[INFO] [stderr]                                  at /rustc/72f88fc4e9458f89516a0b8b0868f3718aec5b47/library/std/src/panicking.rs:208
[INFO] [stderr]      9:     0x56080bf9e8fc - std::panicking::default_hook::h2f00c78800d98e4c
[INFO] [stderr]                                  at /rustc/72f88fc4e9458f89516a0b8b0868f3718aec5b47/library/std/src/panicking.rs:227
[INFO] [stderr]     10:     0x56080bf9f213 - std::panicking::rust_panic_with_hook::h4eaa635e4694aef3
[INFO] [stderr]                                  at /rustc/72f88fc4e9458f89516a0b8b0868f3718aec5b47/library/std/src/panicking.rs:577
[INFO] [stderr]     11:     0x56080bf9ede9 - std::panicking::begin_panic_handler::{{closure}}::hec242f1b136b5ff2
[INFO] [stderr]                                  at /rustc/72f88fc4e9458f89516a0b8b0868f3718aec5b47/library/std/src/panicking.rs:484
[INFO] [stderr]     12:     0x56080bf9c86c - std::sys_common::backtrace::__rust_end_short_backtrace::h1f3cc383ee6c0374
[INFO] [stderr]                                  at /rustc/72f88fc4e9458f89516a0b8b0868f3718aec5b47/library/std/src/sys_common/backtrace.rs:153
[INFO] [stderr]     13:     0x56080bf9eda9 - rust_begin_unwind
[INFO] [stderr]                                  at /rustc/72f88fc4e9458f89516a0b8b0868f3718aec5b47/library/std/src/panicking.rs:483
[INFO] [stderr]     14:     0x56080bf9ed5b - std::panicking::begin_panic_fmt::hebfdcd945bbd27b1
[INFO] [stderr]                                  at /rustc/72f88fc4e9458f89516a0b8b0868f3718aec5b47/library/std/src/panicking.rs:437
[INFO] [stderr]     15:     0x56080bf32047 - cmake::fail::h1f496c6abda7a691
[INFO] [stderr]                                  at /opt/rustwide/cargo-home/registry/src/github.com-1ecc6299db9ec823/cmake-0.1.42/src/lib.rs:861
[INFO] [stderr]     16:     0x56080bf3198c - cmake::run::hd147f1f7fa8de865
[INFO] [stderr]                                  at /opt/rustwide/cargo-home/registry/src/github.com-1ecc6299db9ec823/cmake-0.1.42/src/lib.rs:839
[INFO] [stderr]     17:     0x56080bf2d425 - cmake::Config::build::he34028116f615313
[INFO] [stderr]                                  at /opt/rustwide/cargo-home/registry/src/github.com-1ecc6299db9ec823/cmake-0.1.42/src/lib.rs:674
[INFO] [stderr]     18:     0x56080bf01bb7 - build_script_build::main::h7d2dc00fd6d3bdd0
[INFO] [stderr]                                  at /opt/rustwide/workdir/build.rs:24
[INFO] [stderr]     19:     0x56080bf01efb - core::ops::function::FnOnce::call_once::h0bc370d7b7845269
[INFO] [stderr]                                  at /rustc/72f88fc4e9458f89516a0b8b0868f3718aec5b47/library/core/src/ops/function.rs:227
[INFO] [stderr]     20:     0x56080bf0164e - std::sys_common::backtrace::__rust_begin_short_backtrace::h64e49b1e8c5e167a
[INFO] [stderr]                                  at /rustc/72f88fc4e9458f89516a0b8b0868f3718aec5b47/library/std/src/sys_common/backtrace.rs:137
[INFO] [stderr]     21:     0x56080bf016f1 - std::rt::lang_start::{{closure}}::hc28a466e5eec38d2
[INFO] [stderr]                                  at /rustc/72f88fc4e9458f89516a0b8b0868f3718aec5b47/library/std/src/rt.rs:66
[INFO] [stderr]     22:     0x56080bf9f611 - core::ops::function::impls::<impl core::ops::function::FnOnce<A> for &F>::call_once::hecc21eb9018cc197
[INFO] [stderr]                                  at /rustc/72f88fc4e9458f89516a0b8b0868f3718aec5b47/library/core/src/ops/function.rs:259
[INFO] [stderr]     23:     0x56080bf9f611 - std::panicking::try::do_call::h174ad655d084b5c7
[INFO] [stderr]                                  at /rustc/72f88fc4e9458f89516a0b8b0868f3718aec5b47/library/std/src/panicking.rs:381
[INFO] [stderr]     24:     0x56080bf9f611 - std::panicking::try::h479e6054ce28de10
[INFO] [stderr]                                  at /rustc/72f88fc4e9458f89516a0b8b0868f3718aec5b47/library/std/src/panicking.rs:345
[INFO] [stderr]     25:     0x56080bf9f611 - std::panic::catch_unwind::hb558ddea2b3e9c45
[INFO] [stderr]                                  at /rustc/72f88fc4e9458f89516a0b8b0868f3718aec5b47/library/std/src/panic.rs:382
[INFO] [stderr]     26:     0x56080bf9f611 - std::rt::lang_start_internal::h163149047f0a8b61
[INFO] [stderr]                                  at /rustc/72f88fc4e9458f89516a0b8b0868f3718aec5b47/library/std/src/rt.rs:51
[INFO] [stderr]     27:     0x56080bf016c7 - std::rt::lang_start::hfd90b152ed00f13e
[INFO] [stderr]                                  at /rustc/72f88fc4e9458f89516a0b8b0868f3718aec5b47/library/std/src/rt.rs:65
[INFO] [stderr]     28:     0x56080bf01e8a - main
[INFO] [stderr]     29:     0x7f9d4a2190b3 - __libc_start_main
[INFO] [stderr]     30:     0x56080bf010ce - _start
[INFO] [stderr]     31:                0x0 - <unknown>
[INFO] [stderr] warning: build failed, waiting for other jobs to finish...
[INFO] [stderr] error: build failed
[INFO] running `Command { std: "docker" "inspect" "ed9176786f82df4d34260a8eaf4782a299ebdd6b09986f508ce5481daa9f8a55", kill_on_drop: false }`
[INFO] running `Command { std: "docker" "rm" "-f" "ed9176786f82df4d34260a8eaf4782a299ebdd6b09986f508ce5481daa9f8a55", kill_on_drop: false }`
[INFO] [stdout] ed9176786f82df4d34260a8eaf4782a299ebdd6b09986f508ce5481daa9f8a55
